 the units digit of z?
2
Suppose -6*d - 56 = -8*d + 5*v, -5*v - 125 = -5*d. Suppose 0 = -5*b - 4*c + 79 + 197, 3*b - 169 = c. Let a = b - d. What is the tens digit of a?
3
Let t = 255 - 35. Let d = t + 525. What is the tens digit of d?
4
Let n(j) = j**3 - 51*j**2 - 90*j - 538. What is the ten thousands digit of n(59)?
2
Suppose 17*a + a + 1223932 = 100*a. What is the units digit of a?
6
What is the hundreds digit of (2/(-6))/((-30)/(-90)) - -2323?
3
Let o(z) = 33*z - 10. Suppose 45 = 966*m - 961*m. What is the units digit of o(m)?
7
Let f(j) be the third derivative of j**4/24 - 2*j**3 - 2*j**2. Let s be f(7). What is the hundreds digit of 1041/6 - s/2?
1
Let r be (-1)/2*4*(-4 - 13). Let u = r + -22. Suppose -19*l + u*l = -1589. What is the tens digit of l?
2
Suppose -12*o + 8*o + 8 = 0. Suppose -k + 2 = s - 0, o*s = 2*k - 8. Suppose k*u - 7*u = -448. What is the hundreds digit of u?
1
Let k(g) be the first derivative of -28 + 5*g + 1/2*g**2. What is the units digit of k(11)?
6
Let o = 5 - -1373. Suppose 1310 = 4*y - o. What is the tens digit of y?
7
Suppose -3*v + 4*a = -110636, 4*v + 76*a = 71*a + 147525. What is the ten thousands digit of v?
3
Let f(q) = 2590*q - 1432. What is the hundreds digit of f(3)?
3
Let j = -61 + 63. Suppose j*f = 8*f - 576. Let s = 201 - f. What is the tens digit of s?
0
Suppose 3*k + 3*n = 45156, 242*k - n = 238*k + 60203. What is the thousands digit of k?
5
Let m(q) = 24*q**2 - 28*q + 11. Let l be m(-13). Suppose 45*b = 38*b + l. What is the tens digit of b?
3
Suppose -j = -4, 2 - 4 = -s + 5*j. Let d(v) = 28*v - 132. What is the tens digit of d(s)?
8
Let z be (58/(-10) + 5)/(4/(-50)). Let f be z*(10/36 - 2/(-9)). Suppose 3*j - 3*t - 424 = -5*t, 0 = 2*j - f*t - 270. What is the tens digit of j?
4
Let o(n) = -7*n - 3. Let u be o(-1). Let j be u/(-1) - (-7 - -3). Suppose -4*x + 540 + 332 = j. What is the units digit of x?
8
Let w = 22903 + -13112. What is the thousands digit of w?
9
Let n be ((-3814)/6)/(8/(-24)). Suppose -10*y + 1373 + n = 0. What is the hundreds digit of y?
3
Let j(t) = 3*t**2 - 26*t + 23. Let k be j(11). Suppose 2*o + 8*o + k = 0. What is the units digit of 2/o + (82/10 - 1)?
7
Suppose 0 = -m - 9*g + 11*g + 15, 5*m = g + 39. Suppose 1536 + 6444 = m*y. What is the tens digit of y?
4
Suppose 7*q - 5626 = -11*m + 10*m, m - q - 5650 = 0. What is the thousands digit of m?
5
What is the tens digit of (-131468)/(-23)*(-2)/(-2)?
1
Let w be 212/(-16) + 4/16. Let f be (w + 11)*(1 + -3). Suppose f*l - 5*z - 66 = 0, -2*z = 5*l - 6*z - 87. What is the tens digit of l?
1
Suppose 3*d - 4*q - 44 = 0, 3*d - 3*q - 26 - 22 = 0. Let o(n) = -2*n - 15. Let s be o(-10). What is the units digit of ((-225)/d)/s*-4?
9
Suppose -13*h + 190 = -109. Let q be 3*h/4*(-48)/(-9). Let l = q + -47. What is the units digit of l?
5
What is the units digit of (-4)/3*21092832/(-1152)?
3
Let h = -403 + 557. Suppose 6681 = 5*b - h. What is the units digit of b?
7
Let d = 52414 - 21081. What is the ten thousands digit of d?
3
Let w be (21 + -18)/(3/16). Suppose -3585 = -w*r + 6767. What is the tens digit of r?
4
Let a(n) = -3*n**2 - 124*n + 31. Let c(s) = s**2 + 41*s - 10. Let u(j) = 6*a(j) + 17*c(j). What is the hundreds digit of u(-28)?
5
Let a(k) = -k**3 - k**2 + k - 114. Let y be a(0). Let q = 1413 + y. What is the units digit of q?
9
Let u be (1/(-1) - 11) + -6 + 10. Let v(w) = 6*w**2 + 33*w + 12. Let f be v(u). Let c = f + -4. What is the tens digit of c?
2
Let z(t) = t**3 - 94*t**2 + 43*t + 1453. What is the thousands digit of z(95)?
4
Let g(d) be the first derivative of 2*d**3 - 4*d**2 + 17*d - 72. Let y = -3 + 8. What is the tens digit of g(y)?
2
Let f be (-6)/6 + 14 + -2. Let t(a) = -4*a + 2. Let r be t(-6). Suppose -m + r = -f. What is the units digit of m?
7
Suppose 64*t - 61*t = -12. What is the hundreds digit of (3 - (-85)/t)/(2/(-56))?
5
What is the thousands digit of 87 - 80 - -71174*1?
1
Let a(f) = -39*f**3 - 17*f**2 - 23*f - 56. What is the hundreds digit of a(-5)?
5
Let y(c) = -5*c - 16*c - 90*c - 43. What is the units digit of y(-2)?
9
Suppose 7*h + 4*h - 3278 = 0. Let k = h + -253. What is the tens digit of k?
4
Suppose 0 = 75*m - 71*m + 584. Let f = 878 - m. What is the tens digit of f?
2
Let w(r) = -r**3 + 9*r**2 + 5*r + 5. Let c be w(10). Let k = c - -86. Let j = k - -17. What is the tens digit of j?
5
Let i be 2 + -2*18/3. Let q be i*2/(-5) - -57. Let w = 185 - q. What is the tens digit of w?
2
Let k = -131 + -249. Let f = 432 + k. What is the tens digit of f?
5
Let i(o) = 3*o**2 + 4*o - 4. Let m be i(4). Suppose -68*t = -m*t - 848. What is the hundreds digit of t?
1
Let z(s) = s**2 - 6*s + 3. Let j be z(11). Let q = 55 + j. Let x = -96 + q. What is the units digit of x?
7
Suppose 888814 + 1787260 = 33*w + 169460. What is the units digit of w?
8
Let o(b) = -148*b**3 - 4*b**2 + 6*b + 16. Let m be o(-3). Let s = m - 2599. What is the thousands digit of s?
1
Let u(y) = -y**3 + 15*y**2 - 12*y + 8. Let b be u(8). What is the units digit of (b/(-216))/((-2)/804)?
0
Suppose -3*f = -2*t + 20, 0 = 5*f + 7 - 27. Let j = -22 + t. Let m = 15 + j. What is the units digit of m?
9
Suppose -83*v - 23436 = 43*v. Suppose -5*t - 656 = -2*x - 86, -5*t + 1080 = 4*x. Let b = x + v. What is the tens digit of b?
8
Suppose 6*n = -6*n + 108. What is the units digit of (-3 - (-21)/n)/((-2)/39)?
3
Let t(j) = -8*j + 66. Suppose o + 120 = -11*o. What is the units digit of t(o)?
6
Let b(m) = -26 - 60*m - 22 - 130*m - 18 + 270*m. What is the hundreds digit of b(15)?
1
Let o(a) = 3*a**2 + 7*a - 7*a + 22006*a**3 - 22011*a**3 + 5 + 12*a. What is the tens digit of o(-3)?
3
Suppose 56*w = -859 + 187. Let b(r) = r + 43. Let f be b(0). Let p = f + w. What is the tens digit of p?
3
Let a(k) = -2*k + 10. Let c be a(4). Suppose -c*d - 105 = 2*z - 5*d, 0 = 4*z + 3*d + 237. What is the hundreds digit of (-3)/(510/(-664) - z/76)?
1
Let l be ((-12)/18)/((-6)/45). Suppose 4 = 2*x, u - l*x + 8 = 3. What is the units digit of u?
5
Suppose -3*l = -5*w - 585 - 6316, -4*l = -w - 9190. What is the hundreds digit of l?
2
Let d be ((-26)/(-3) + -2)*(-36)/(-30). Let k(q) = 55*q + 8 + d - 21. What is the hundreds digit of k(2)?
1
Let m be (10/3)/(-3*10/(-3555)). Suppose 6*n + m = 1463. What is the tens digit of n?
7
Let r(o) = -2*o**2 - 66*o - 189. Let k be r(-4). Let i be ((-3)/(-6))/(2/(-96)). Let z = k + i. What is the tens digit of z?
1
Let o = 20701 - 11682. What is the hundreds digit of o?
0
Suppose -4*k - 1 = -m - 4, -4*m - 12 = k. Suppose 3*l - 9 = 0, 0*j - 2*j - 4*l + 40 = k. What is the tens digit of j?
1
Let q(m) = -358*m + 71. What is the hundreds digit of q(-4)?
5
Let n = -4881 - -9081. What is the hundreds digit of n?
2
Let c(h) = -53*h**3 - h**2 - 17*h + 113. What is the ten thousands digit of c(-8)?
2
Let u be 12/(-78) + (-13301)/(-13). Suppose -y = 3*n - 356, 85 + u = 3*y + n. What is the tens digit of y?
7
Let a = -8094 - -13918. What is the tens digit of a?
2
Suppose 3*n + 3*j - 5665 = -883, -3*j = -15. What is the thousands digit of n?
1
What is the tens digit of (9 + (1764/35)/(-7))*1195?
5
Suppose k - 5*g - 9 = 1, 5*g = -10. Suppose k = 11*w - 7*w + 180. Let m = w - -225. What is the units digit of m?
0
Let i(k) = 101*k - 1561. What is the units digit of i(80)?
9
Suppose 0 = -52*c + 55*c - 18, 0 = -2*m + 4*c + 37940. What is the tens digit of m?
8
Let g(b) = b**3 + 5*b**2 + 3*b - 9. Let o be g(-5). What is the units digit of (-357)/(-2) - (204/o + 7)?
0
Let h(z) = -341*z + 21. Let f be h(-3). Let a = 2177 - f. What is the units digit of a?
3
Let s = 2271 + 8278. What is the thousands digit of s?
0
Suppose 13*v + 570 = 18*v. What is the tens digit of -4*v*1/(-8)?
5
Suppose -5*p + 45 = -5*c, -4*c + p + 0*p - 33 = 0. Let h = c + 18. What is the tens digit of (98/(-6) - (h - 7))*-6?
1
Let v(f) = 234*f**2 - 40*f - 215. What is the tens digit of v(-8)?
8
Let n = -330 - -511. Let z = -152 + n. What is the units digit of z?
9
Let p(g) be the third derivative of 39*g**4/8 - 76*g**3/3 - 95*g**2 + 1. What is the units digit of p(10)?
8
Let w be (-12)/14 - (-286)/(-91). What is the tens digit of 2*66 + -3 + w + 6?
3
Suppose 0*b + b - 2*k = -6, 2*b - 16 = -3*k. Suppose -b*r = w + 2, -6*w + 2*w = -5*r - 5. What is the units digit of 4 + -3 + r*1 + 28?
8
Let k